{"id":875,"date":"2023-10-17T18:55:55","date_gmt":"2023-10-17T18:55:55","guid":{"rendered":"https:\/\/me-montagen.com\/?page_id=875"},"modified":"2023-10-17T18:55:56","modified_gmt":"2023-10-17T18:55:56","slug":"impressum","status":"publish","type":"page","link":"https:\/\/me-photovoltaik.de\/?page_id=875","title":{"rendered":"Impressum"},"content":{"rendered":"\n<p>ME-Photovoltaik <br>D\u00fclferstra\u00dfe 26b I 80933 M\u00fcnchen<\/p>\n\n\n\n<p>E-Mail: info@me-photovoltaik.de<\/p>\n\n\n\n<p>Gesch\u00e4ftsf\u00fchrendere Gesellschafter:<\/p>\n\n\n\n<p>Mehmet Erdogan<\/p>\n\n\n\n<p>Amtsgericht: M\u00fcnchen HRB&nbsp;<\/p>\n\n\n\n<p>Ust.-ID DE<\/p>\n\n\n\n<p>Steuernummer: 144\/222\/917\/85<\/p>\n\n\n\n<p>Inhaltlich Verantwortlicher gem\u00e4\u00df \u00a7 5 TMG und \u00a7 55 Abs. 2 RStV (Rundfunkstaatsvertrag):<\/p>\n\n\n\n<p>Mehmet Erdogan<\/p>\n\n\n\n<p>F\u00fcr namentlich oder mit einem gesonderten Impressum gekennzeichnete Beitr\u00e4ge liegt die Verantwortung bei den jeweiligen Autoren.<\/p>\n\n\n\n<p>Realisation<\/p>\n\n\n\n<p>Logo, Konzept, Gestaltung und Umsetzung<\/p>\n\n\n\n<p>Design Now \u2013 Andreas K\u00fcrzinger<\/p>\n\n\n\n<p>Lindberghstra\u00dfe 18<\/p>\n\n\n\n<p>80939 M\u00fcnchen<\/p>\n\n\n\n<p>Urheberrecht:&nbsp;<\/p>\n\n\n\n<p>Die durch die Seitenbetreiber erstellten Inhalte und Werke auf diesen Seiten, sowie die Ideen, auf denen diese beruhen, unterliegen dem deutschen Urheberrecht. Die Vervielf\u00e4ltigung, Bearbeitung, Verbreitung und jede Art der Verwertung au\u00dferhalb der Grenzen des Urheberrechtes bed\u00fcrfen der schriftlichen Zustimmung des jeweiligen Rechteinhabers oder des Seitenbetreibers. Dies gilt insbesondere f\u00fcr Vervielf\u00e4ltigung, Bearbeitung, \u00dcbersetzung, Einspeicherung, Verarbeitung bzw. Wiedergabe von Inhalten in Datenbanken oder anderen elektronischen Medien und Systemen. Die unerlaubte Vervielf\u00e4ltigung oder Weitergabe einzelner Inhalte oder kompletter Seiten ist nicht gestattet und strafbar. Lediglich die Herstellung von Kopien und Downloads f\u00fcr den pers\u00f6nlichen, privaten und nicht kommerziellen Gebrauch ist erlaubt. Die Darstellung dieser Website in fremden Frames ist nur mit schriftlicher Erlaubnis zul\u00e4ssig.&nbsp;<\/p>\n","protected":false},"excerpt":{"rendered":"<p>ME-Photovoltaik D\u00fclferstra\u00dfe 26b I 80933 M\u00fcnchen E-Mail: info@me-photovoltaik.de Gesch\u00e4ftsf\u00fchrendere Gesellschafter: Mehmet Erdogan Amtsgericht: M\u00fcnchen HRB&nbsp; Ust.-ID DE Steuernummer: 144\/222\/917\/85 Inhaltlich Verantwortlicher gem\u00e4\u00df \u00a7 5 TMG und<span class=\"excerpt-hellip\"> [\u2026]<\/span><\/p>\n","protected":false},"author":1,"featured_media":0,"parent":0,"menu_order":0,"comment_status":"closed","ping_status":"closed","template":"","meta":{"footnotes":""},"_links":{"self":[{"href":"https:\/\/me-photovoltaik.de\/index.php?rest_route=\/wp\/v2\/pages\/875"}],"collection":[{"href":"https:\/\/me-photovoltaik.de\/index.php?rest_route=\/wp\/v2\/pages"}],"about":[{"href":"https:\/\/me-photovoltaik.de\/index.php?rest_route=\/wp\/v2\/types\/page"}],"author":[{"embeddable":true,"href":"https:\/\/me-photovoltaik.de\/index.php?rest_route=\/wp\/v2\/users\/1"}],"replies":[{"embeddable":true,"href":"https:\/\/me-photovoltaik.de\/index.php?rest_route=%2Fwp%2Fv2%2Fcomments&post=875"}],"version-history":[{"count":1,"href":"https:\/\/me-photovoltaik.de\/index.php?rest_route=\/wp\/v2\/pages\/875\/revisions"}],"predecessor-version":[{"id":876,"href":"https:\/\/me-photovoltaik.de\/index.php?rest_route=\/wp\/v2\/pages\/875\/revisions\/876"}],"wp:attachment":[{"href":"https:\/\/me-photovoltaik.de\/index.php?rest_route=%2Fwp%2Fv2%2Fmedia&parent=875"}],"curies":[{"name":"wp","href":"https:\/\/api.w.org\/{rel}","templated":true}]}}